. Determine q(5).
8
Let l(d) = -d**3 + 6*d**2 + 10*d + 53. Determine l(8).
5
Let p(u) = u**2 + u + 9. Calculate p(-4).
21
Let u(n) = 3*n - 1. Give u(-2).
-7
Let t(u) = u**3 - 15*u**2 - 15*u - 31. What is t(16)?
-15
Let y(p) = -10*p - 19. What is y(-1)?
-9
Let p(b) = 2*b**3 + 6*b**2 + 2*b. Calculate p(-3).
-6
Let j(x) = -2*x - 6. What is j(-11)?
16
Let l(z) = -10*z - 173. Calculate l(-18).
7
Let q(h) = h**2 - 5*h + 3. What is q(4)?
-1
Let a(w) = w**3 - 12*w**2 + 37*w - 19. Give a(7).
-5
Let c(f) = -f**2 - 12*f - 14. What is c(-10)?
6
Let x(h) = -37*h - 155. Give x(-4).
-7
Let u(n) = -n**3 - 5*n**2 + 9*n + 4. Give u(-5).
-41
Let f(x) = -2*x**2 - 12*x - 33. What is f(-8)?
-65
Let x(s) = -s - 12. Determine x(0).
-12
Let b(j) = -j**3 - 41*j**2 - 42*j - 98. What is b(-40)?
-18
Let k(h) = -h**3 - 2*h**2 + 17*h + 24. Determine k(-4).
-12
Let i(z) = -z**3 - 4*z**2 - z - 5. Determine i(-3).
-11
Let l(g) = 2*g**2 - 77*g + 103. Give l(37).
-8
Let w(q) = q**3 + 3*q**2 + 3. Give w(-3).
3
Let r(u) = -u**3 + 14*u**2 + 15*u + 19. Give r(15).
19
Let f(o) = -5*o + 87. Determine f(18).
-3
Let o(l) = l**2 + 7*l - 14. Give o(-8).
-6
Let w(q) = -26*q + 34. Give w(1).
8
Let x(l) = -l**3 - 12*l**2 - 11*l + 88. Calculate x(-10).
-2
Let x(w) = 2*w**2 + 45*w + 158. What is x(-4)?
10
Let s(p) = p**3 - 8*p**2 - 9*p + 4. What is s(9)?
4
Let j(v) = 25*v - 53. What is j(2)?
-3
Let x(q) = q**2 - 28*q - 239. Determine x(35).
6
Let b(y) = -3*y**3 - 2*y**2 + y - 3. Calculate b(-3).
57
Let u(x) = 33*x - 128. Calculate u(4).
4
Let c(n) = -n**3 - 7*n**2 - 6*n - 7. Calculate c(-6).
-7
Let w(p) = -p**2 + 7*p - 2. Give w(7).
-2
Let t(m) = -m**3 + 18*m**2 + 18*m + 48. Give t(19).
29
Let a(g) = -g**2 - 7*g + 80. Determine a(-14).
-18
Let i(v) = 7*v**2 - 2*v - 4. Calculate i(-2).
28
Let o(m) = -m**2 + 4*m + 68. Calculate o(-6).
8
Let p(w) = w**3 - 21*w**2 + 20*w + 3. Give p(20).
3
Let b(n) = 7*n**2 - 3*n - 2. Determine b(-1).
8
Let b(u) = -5*u**3 + 3*u + 2. Give b(3).
-124
Let w(x) = -2*x**3 + 9*x**2 + x + 8. Give w(7).
-230
Let t(a) = a**2 + 12*a + 15. Determine t(-7).
-20
Let o(p) = p**2 - 2*p - 3. Determine o(-1).
0
Let w(v) = 2*v**3 + v**2 - v - 1. Determine w(-1).
-1
Let r(z) = -z**3 - 7*z**2 + 10*z + 12. Give r(-6).
-84
Let b(p) = p**2 - 9*p + 8. Determine b(10).
18
Let n(i) = i**3 + 6*i**2 - 9*i - 15. Calculate n(-7).
-1
Let m(r) = 3*r**2 - 46*r - 1. Calculate m(16).
31
Let t(m) = 59*m - 9. Determine t(2).
109
Let d(k) = k**3 - 5*k**2 - 13*k + 15. Give d(6).
-27
Let c(z) = z**3 + 3*z**2 + 5*z - 4. What is c(-4)?
-40
Let b(r) = -r - 13. Determine b(4).
-17
Let q(l) = -3*l + 15. Calculate q(7).
-6
Let f(l) = l**3 + 18*l**2 + 18*l + 8. Calculate f(-17).
-9
Let k(p) = -p**2 + 6*p. Calculate k(4).
8
Let p(t) = t + 20. What is p(11)?
31
Let d(c) = 7*c + 1. What is d(5)?
36
Let y(q) = q**3 - 5*q**2 - 7*q + 9. Determine y(6).
3
Let i(y) = 9*y**2 - 2*y. Determine i(2).
32
Let m(a) = 2*a - 1. Determine m(-1).
-3
Let s(a) = a**2 + 7*a - 3. Determine s(-6).
-9
Let k(z) = -87*z**3. Determine k(1).
-87
Let z(y) = -y**3 - 19*y**2 + 40*y - 24. Give z(-21).
18
Let m(b) = -b**2 + 4*b - 9. What is m(5)?
-14
Let u(h) = h**3 + 17*h**2 - 3*h - 38. Calculate u(-17).
13
Let j(n) = n**2 - n + 8. Give j(4).
20
Let k(q) = 2*q**3 - q**2 + 2. Determine k(2).
14
Let m(u) = u**3 + 6*u**2 + 4*u + 2. Give m(-5).
7
Let t(x) = -75*x - 3. Give t(1).
-78
Let d(p) = p**2 - 6*p - 7. Give d(6).
-7
Let z(x) = x - 44. Determine z(-10).
-54
Let l(z) = -z**3 + 13*z**2 - 11*z - 13. Give l(12).
-1
Let y(g) = -24*g - 21. Give y(2).
-69
Let z(f) = 25*f - 105. Calculate z(4).
-5
Let u(i) = -i**2 - 4*i + 36. Determine u(6).
-24
Let j(q) = q**3 + 7*q**2 + 8*q - 6. Give j(-5).
4
Let g(m) = m**3 + 4*m**2 + 2*m + 1. Calculate g(-4).
-7
Let o(i) = 2*i**3 + 15*i**2 - 10*i - 8. Calculate o(-8).
8
Let l(u) = -u**3 - 11*u**2 - 29*u - 44. What is l(-8)?
-4
Let q(u) = -u**2 + 14*u - 38. Determine q(9).
7
Let t(j) = 12*j - 79. What is t(7)?
5
Let j(s) = s**3 - 5*s**2 - 3*s - 7. What is j(6)?
11
Let z(q) = -2*q + 4. Give z(4).
-4
Let n(a) = 6*a - 125. What is n(22)?
7
Let o(p) = 3*p**2 - 221*p + 368. Give o(72).
8
Let o(q) = q**2 - 2*q - 36. Calculate o(-5).
-1
Let x(u) = -8*u + 2. Determine x(0).
2
Let i(d) = d**2 + 9*d + 1. What is i(-5)?
-19
Let n(g) = g**2 - 13*g - 7. Calculate n(15).
23
Let w(g) = -g**3 - 14*g**2 - 2*g + 1. Give w(-14).
29
Let c(r) = -35*r**3 - 2*r**2 - 2*r - 1. Calculate c(-1).
34
Let s(g) = 2*g**2 - 16*g + 10. What is s(7)?
-4
Let f(x) = 4*x - 7. What is f(-4)?
-23
Let g(s) = -s**3 - 36*s**2 - 97*s + 63. Calculate g(-33).
-3
Let r(b) = 81*b + 808. What is r(-10)?
-2
Let j(u) = -u - 24. Determine j(-27).
3
Let v(x) = 19*x + 335. Determine v(-19).
-26
Let s(w) = -w**3 - 8*w**2 + w + 3. What is s(-8)?
-5
Let j(u) = 10*u + 1. Calculate j(1).
11
Let n(j) = 14*j**3. Give n(-1).
-14
Let u(y) = -y**2 - 5*y + 5. Calculate u(-5).
5
Let d(a) = -2*a + 35. What is d(9)?
17
Let z(p) = 6*p**2 + 2*p. Calculate z(-2).
20
Let n(l) = -l**2 - 12*l + 31. What is n(-14)?
3
Let f(q) = 3*q**2 - 14*q + 72. What is f(5)?
77
Let z(u) = u**2 + 10*u + 8. Calculate z(-5).
-17
Let x(b) = b**3 - 2*b**2 + 4. What is x(3)?
13
Let u(i) = -2*i**3 + 8*i**2 - 13*i + 5. Give u(5).
-110
Let c(h) = -h**3 + 4*h**2 - 10*h + 22. Give c(3).
1
Let m(k) = k**2 - 7*k - 7. Calculate m(8).
1
Let d(b) = -b**3 + 16*b**2 - 15*b - 2. Determine d(15).
-2
Let r(t) = t**2 + 13*t - 62. Determine r(4).
6
Let q(r) = 14*r - 3. What is q(3)?
39
Let u(l) = l**3 + 7*l**2 - 10*l + 5. Determine u(-8).
21
Let c(x) = -x**3 - 16*x**2 + 17*x - 6. Determine c(-17).
-6
Let b(s) = 43*s + 367. What is b(-9)?
-20
Let t(y) = -y**2 - 2*y - 1. Give t(-3).
-4
Let p(i) = -i**2 - 12*i - 9. Determine p(-10).
11
Let x(f) = -2*f**2 - 12*f + 62. What is x(-9)?
8
Let t(z) = 3*z + 84. Calculate t(-28).
0
Let s(k) = -k**2 - 5*k + 2. Give s(-5).
2
Let x(v) = -v - 2. Calculate x(1).
-3
Let k(b) = -b - 21. Give k(-8).
-13
Let l(q) = 3*q**2 + 15*q - 22. Determine l(-6).
-4
Let q(v) = -v**3 - 16*v**2 - 28*v + 27. What is q(-14)?
27
Let p(b) = -8*b - 4. Give p(-5).
36
Let y(s) = -s**3 + 25*s**2 - s + 32. Determine y(25).
7
Let n(b) = -b**3 + 3*b**2 + b + 6. Calculate n(0).
6
Let b(f) = -f**3 + 3*f**2 + 7*f + 11. Give b(5).
-4
Let t(u) = -u**2 - 19*u - 18. Give t(-20).
-38
Let a(w) = w + 100. Give a(-25).
75
Let f(o) = -3*o + 28. Determine f(5).
13
Let y(t) = -9*t + 22. Determine y(3).
-5
Let u(n) = n**2 - 3. Give u(0).
-3
Let d(m) = -12*m - 13. Calculate d(-1).
-1
Let c(n) = -5*n**3 + 3*n**2 - n + 1. Give c(3).
-110
Let t(i) = -i**2 - 12*i + 1. Determine t(-6).
37
Let r(h) = -3*h. What is r(-5)?
15
Let z(y) = 2*y**3 - 15*y**2 - 6*y - 29. What is z(8)?
-13
Let g(z) = -z**2 + 6*z - 5. Calculate g(3).
4
Let y(q) = 10*q**2 - 3. What is y(-2)?
37
Let x(y) = -y**3 - 7*y**2 + y + 5. Calculate x(-7).
-2
Let g(y) = y**3 - 2*y**2 + 4. Calculate g(3).
13
Let g(l) = -7*l + 43. Calculate g(8).
-13
Let j(o) = -16*o + 14. Give j(2).
-18
Let r(x) = -x**2 - 8*x - 6. Determine r(-10).
-26
Let b(l) = l**3 + 16*l**2 - 109*l - 68. Give b(-21).
16
Let v(u) = 8*u - 70. Determine v(8).
-6
Let b(d) = 48*d**2 + 3*d - 3. Give b(1).
48
Let h(i) = -i**3 - 12*i**2 - 13*i. Calculate h(-11).
22
Let f(m) = -m**3 - 6*m**2 - 5*m + 4. Determine f(-3).
-8
Let v(t) = t**3 + 10*t**2 + 14*t + 7. Determine v(-9).
-38
Let x(l) = l**2 + 10*l + 3. Determine x(-10).
3
Let c(i) = -2*i**3 + 13*i**2 - i - 19. What is c(5)?
51
Let j(c) = c**2 + 22*c + 92. Give j(-16).
-4
Let o(a) = 2*a - 27. Calculate o(3).
-21
Let a(n) = -3*n + 7. Give a(7).
-14
Let b(z) = -4*z - 6. Give b(-6).
18
Let o(k) = -k**2 + 5*k + 23. What is o(8)?
-1
Let f(c) = -22*c + 568. Give f(26).
-4
Let v(i) = i**2 - 22*i - 13. Give v(24).
35
Let f(l) = -3*l**2 - 4*l - 3. Calculate f(-1).
-2
Let c(o) = o + 4. Calculate c(6).
10
Let a(c) = 2*c**3 - 12*c**2 + 4*c - 13. What is a(6)?
11
Let j(m) = -2*m**3 + m**2 + 4*m. Give j(3).
-33
Let c(p) = p**3 - 8*p**2 - 7*p - 11. What is c(9)?
7
Let z(f) = 69*f**2 + 1. Give z(1).
70
Let k(z) = z**3 + 28*z**2 + 53*z + 32. Calculate k(-26).
6
Let h(s) = s**2 + 17*s + 37. Calculate h(-15).
7
Let s(z) = z**2 + 4*z - 6. Determine s(-5).
-1
Let p(c) = -c**3 - 34*c**2 + 2*c + 56. Determine p(-34).
-12
Let w(q) = -10*q - 21. What is w(15)?
-171
Let i(t) = -5*t